{"id":944,"date":"2025-01-27T23:24:49","date_gmt":"2025-01-27T22:24:49","guid":{"rendered":"https:\/\/roxpup.fr\/?page_id=944"},"modified":"2025-07-11T09:44:26","modified_gmt":"2025-07-11T07:44:26","slug":"parc-floral-mark","status":"publish","type":"page","link":"https:\/\/roxpup.fr\/index.php\/parc-floral-mark\/","title":{"rendered":"Parc Floral &#8211; Mark"},"content":{"rendered":"\n<p>Il \u00e9tait une fois, au c\u0153ur d&rsquo;un apr\u00e8s-midi ensoleill\u00e9, Rox et Mark d\u00e9cid\u00e8rent de s&rsquo;amuser au parc. Le parc \u00e9tait un v\u00e9ritable havre de paix, rempli de fleurs de toutes les couleurs et de papillons virevoltant de-ci de-l\u00e0.<\/p>\n\n\n\n<p>Rox, avec son d\u00e9bardeur blanc et son petit short bleu, et Mark, en short vert et t-shirt rouge, avaient trouv\u00e9 un vieux tricycle rang\u00e9 dans un coin. Ils d\u00e9cid\u00e8rent de le nettoyer d&rsquo;abord. Rox s&rsquo;occupa des roues, les frottant avec un chiffon trouv\u00e9 au sol, tandis que Mark essuyait le si\u00e8ge et le guidon avec soin.<\/p>\n\n\n\n<p>Une fois le tricycle brillant sous le soleil, ils se mirent \u00e0 explorer le parc. Rox, qui adorait les fleurs, insistait pour qu&rsquo;ils s&rsquo;arr\u00eatent pr\u00e8s d&rsquo;un parterre de roses et de tulipes. \u00ab&nbsp;Regarde, Mark, elles sont magnifiques !&nbsp;\u00bb s&rsquo;\u00e9cria-t-il en pointant du doigt une tulipe d&rsquo;un rouge \u00e9clatant. Mark, fascin\u00e9 par les papillons, observait un monarque qui semblait danser autour des fleurs.<\/p>\n\n\n\n<p>Soudain, Mark eut une id\u00e9e : \u00ab&nbsp;Et si on faisait une course de papillons ?&nbsp;\u00bb proposa-t-il. Rox, amus\u00e9, accepta imm\u00e9diatement. Ils choisirent chacun un papillon : Rox un petit bleu c\u00e9leste et Mark un grand orange flamboyant. Ils mont\u00e8rent sur le tricycle, Mark p\u00e9dalant avec vigueur tandis que Rox tenait le guidon, les yeux riv\u00e9s sur les papillons qui semblaient jouer avec le vent.<\/p>\n\n\n\n<p>La course les mena \u00e0 travers des all\u00e9es bord\u00e9es de lavande et de jasmin, o\u00f9 le parfum des fleurs enivrait leurs sens. Les papillons, comme pour les d\u00e9fier, s&rsquo;\u00e9lan\u00e7aient haut dans le ciel avant de redescendre en spirale vers les fleurs. Finalement, apr\u00e8s une bonne dose de rires et quelques tours du parc, leur course se termina en un match nul, car les papillons avaient d\u00e9cid\u00e9 de se poser ensemble sur une grande marguerite.<\/p>\n\n\n\n<p>\u00c9puis\u00e9s mais heureux, Rox et Mark d\u00e9cid\u00e8rent de s&rsquo;asseoir sur l&rsquo;herbe pour reprendre leur souffle. Ils regard\u00e8rent les papillons s&rsquo;envoler vers de nouveaux horizons, tandis que le soleil commen\u00e7ait \u00e0 descendre, teintant le ciel d&rsquo;or et de rose. \u00ab&nbsp;Ce fut une belle journ\u00e9e&nbsp;\u00bb murmura Rox, en posant sa t\u00eate sur l&rsquo;\u00e9paule de Mark. \u00ab&nbsp;Oui, une journ\u00e9e parfaite&nbsp;\u00bb r\u00e9pondit-il, en souriant paisiblement.<\/p>\n\n\n\n<p>Et ainsi, dans ce parc rempli de vie et de couleurs, Rox et Mark apprirent que parfois, le but d&rsquo;une course n&rsquo;est pas de gagner, mais de profiter du voyage et de la compagnie.<\/p>\n","protected":false},"excerpt":{"rendered":"<p>Il \u00e9tait une fois, au c\u0153ur d&rsquo;un apr\u00e8s-midi ensoleill\u00e9, Rox et Mark d\u00e9cid\u00e8rent de s&rsquo;amuser au parc. Le parc \u00e9tait un v\u00e9ritable havre de paix, rempli de fleurs de toutes les couleurs et de papillons virevoltant de-ci de-l\u00e0. Rox, avec son d\u00e9bardeur blanc et son petit short bleu, et Mark, en short vert et t-shirt [&hellip;]<\/p>\n","protected":false},"author":1,"featured_media":0,"parent":0,"menu_order":0,"comment_status":"closed","ping_status":"closed","template":"","meta":{"_themeisle_gutenberg_block_has_review":false,"footnotes":""},"class_list":["post-944","page","type-page","status-publish","hentry"],"_links":{"self":[{"href":"https:\/\/roxpup.fr\/index.php\/wp-json\/wp\/v2\/pages\/944","targetHints":{"allow":["GET"]}}],"collection":[{"href":"https:\/\/roxpup.fr\/index.php\/wp-json\/wp\/v2\/pages"}],"about":[{"href":"https:\/\/roxpup.fr\/index.php\/wp-json\/wp\/v2\/types\/page"}],"author":[{"embeddable":true,"href":"https:\/\/roxpup.fr\/index.php\/wp-json\/wp\/v2\/users\/1"}],"replies":[{"embeddable":true,"href":"https:\/\/roxpup.fr\/index.php\/wp-json\/wp\/v2\/comments?post=944"}],"version-history":[{"count":1,"href":"https:\/\/roxpup.fr\/index.php\/wp-json\/wp\/v2\/pages\/944\/revisions"}],"predecessor-version":[{"id":945,"href":"https:\/\/roxpup.fr\/index.php\/wp-json\/wp\/v2\/pages\/944\/revisions\/945"}],"wp:attachment":[{"href":"https:\/\/roxpup.fr\/index.php\/wp-json\/wp\/v2\/media?parent=944"}],"curies":[{"name":"wp","href":"https:\/\/api.w.org\/{rel}","templated":true}]}}